ivisor of 22 and y?
22
Suppose 22 = 3*g - 2*k, -3*g = -k + 6 - 23. Suppose -g*x + 0*x = -80. Suppose 4*a = 2*i + x, -2*i + 3*i = a - 3. What is the highest common divisor of 70 and a?
7
Let x(u) = u - 5. Let p be x(11). Suppose 3*q + 594 = p*q. What is the highest common divisor of 18 and q?
18
Suppose -6 - 4 = -2*r. Suppose -9*f + 1276 = -r*f. What is the highest common factor of 29 and f?
29
Let m = 6 - 4. Suppose m*r = -r + 6. Suppose -r*i = -5*i - 5*o + 49, i + 4*o = 28. Calculate the greatest common factor of i and 4.
4
Let x = 4 - -26. Let j be ((-3)/(-2))/(2/16). What is the highest common divisor of x and j?
6
Let j(q) = q**3 + 4*q**2 - 11*q + 4. Let b be j(-5). Calculate the highest common divisor of 2 and b.
2
Let h = 3 + -3. Suppose a = -h*a + 2. Let t(s) = 10*s. Let w be t(a). What is the greatest common factor of 10 and w?
10
Suppose g = -g - 4. Let p = g + 14. Let k be 1348/14 + 2/(-7). What is the highest common divisor of k and p?
12
Let n(v) = 25*v**3 - v**2 - v + 1. Let d be n(1). Calculate the highest common divisor of d and 8.
8
Let o be (-1)/5 - (-48)/15. Let h be 0 + 1/(o/264). What is the highest common factor of 8 and h?
8
Let n = -206 - -296. Let h be 2/5 + (-485)/25. Let b = 29 + h. What is the greatest common divisor of b and n?
10
Let u(c) = 18*c + 1. Let x be u(1). Calculate the greatest common divisor of x and 19.
19
Let b = -11 - -15. Suppose i = b - 2. What is the greatest common divisor of 1 and i?
1
Let k(z) = -2*z + 42. Let o be k(18). What is the highest common factor of o and 15?
3
Let g(j) = -10*j - 100. Let b be g(-13). What is the greatest common divisor of 105 and b?
15
Let z(f) = -f**3 - 9*f**2 + 2*f + 14. Let q be z(-11). What is the greatest common divisor of q and 26?
26
Let j = 407 - 282. What is the greatest common factor of j and 25?
25
Suppose 0 = -v - 5*a - 9 + 2, 56 = 4*v - a. Calculate the highest common factor of v and 169.
13
Let q(l) = 0*l - 5 + 2*l + 0*l. Let h be q(7). Calculate the highest common factor of h and 18.
9
Let d(x) = -6*x**2 + x**3 + x**2 - x + 5*x. Let y be d(5). Calculate the greatest common factor of y and 4.
4
Suppose 2*b = 3*y - 10, -3*b - 4 = b - 2*y. Let v = 6 - b. Let d be 2/8 + 78/8. Calculate the highest common divisor of v and d.
5
Let c(o) = o**3 - 2*o**2 + 3. Let w be c(3). What is the highest common factor of 84 and w?
12
Let b = -256 - -410. What is the highest common factor of 14 and b?
14
Let v = 1 - -16. What is the highest common divisor of v and 68?
17
Let s = 78 - 76. Suppose -48 = -2*p - p. What is the greatest common divisor of s and p?
2
Suppose 0 = -4*h + 1 + 3. Let m(v) = -v**2 + 1. Let d be m(h). Let x be (1 + d)/((-3)/(-15)). Calculate the highest common factor of x and 20.
5
Let x = -4 - -8. Suppose 0 = x*o + 3*c - 75, c - 7 = -o + 11. Calculate the highest common factor of o and 21.
21
Let t(v) = -v**2 + 10*v - 5. Let r be t(10). Let l(m) = -3*m - 3. Let p be l(r). What is the greatest common divisor of p and 8?
4
Let f(z) = z**3 + 4*z**2 - 5*z. Let c be f(-5). Suppose 6*x - 3*x - 9 = c. Let i = x - 1. Calculate the greatest common divisor of i and 5.
1
Suppose 0 = 13*i - 6*i - 728. Calculate the highest common factor of 26 and i.
26
Let s = -3 - -5. Suppose -5*u = -0*o + 4*o - 597, 0 = s*u - 3*o - 248. Suppose 5*t + 15 = 70. What is the greatest common divisor of t and u?
11
Let r be 2 + (-35)/(-10)*16. What is the greatest common divisor of r and 638?
58
Suppose 0 = f + 5 + 7. Let d = 24 - f. What is the greatest common factor of d and 54?
18
Let q(h) = -10*h. Let w be q(-4). Let l(n) = n**3 - 5*n**2 + 5*n - 6. Let m be l(5). Let z = -9 + m. What is the highest common divisor of z and w?
10
Let f = 19 - 10. Calculate the highest common factor of f and 27.
9
Suppose 0 = -0*i + 3*i - 6. Suppose -9 - 9 = -6*c. Suppose r - 58 = -i*k, c*k = -2*r + 83 + 34. What is the highest common divisor of 20 and r?
20
Suppose -3*k = 3, 0*k = -4*y - 5*k + 1051. Calculate the greatest common divisor of y and 24.
24
Suppose 0 = -g + 6 - 3. Calculate the greatest common factor of 12 and g.
3
Suppose -3*j + 47 = j - 3*p, 5*j - 60 = 4*p. Suppose -6*u = -2*u + 2*g - 8, 5*g = -4*u + j. What is the greatest common divisor of 1 and u?
1
Suppose 6 = -7*s - 22. Let i be -7*(-3)/((-3)/s). What is the highest common factor of 7 and i?
7
Let r = 126 - -98. What is the greatest common divisor of r and 28?
28
Let g = 8 + 27. What is the highest common factor of g and 5?
5
Let y = 113 - 25. What is the greatest common factor of 22 and y?
22
Let u be (-1 - -3)/(-1)*(-117)/26. Suppose 0*o - 2 = o, 0 = 3*t + 4*o - 19. What is the greatest common factor of t and u?
9
Let a(z) = 11*z**2 + z - 1. Let d be a(2). Let y be -1 + 1 + 1 - 1. Suppose 2*u - 3*u + 9 = y. What is the greatest common divisor of d and u?
9
Suppose 0 = -2*z - 7 + 37. Suppose -3*f + 485 = -2*w, 4*f + 39 = 3*w + 684. What is the greatest common divisor of f and z?
15
Let x = 54 + -38. Suppose -n = 3*n - 576. What is the greatest common factor of n and x?
16
Suppose -2*v = 5*p - 341, p + 0*v - 2*v - 73 = 0. Let y(c) = -7*c - 19. Let l be y(-6). What is the greatest common divisor of p and l?
23
Let i = -9 + 17. Suppose -w + 4 = -i. What is the highest common divisor of w and 96?
12
Let s be (24/2)/(-4)*-9. What is the greatest common factor of 18 and s?
9
Suppose -3*i = 5*j - 74, 3*i + j - 92 = 5*j. What is the highest common divisor of 28 and i?
28
Let w(t) = -5*t - 13. Let c be w(-8). Suppose c + 103 = 5*n. Let v(z) = z**3 - 2*z**2 - 6*z + 5. Let j be v(4). What is the greatest common divisor of j and n?
13
Suppose n = 3*i + 430, 0 = -i - n + 3*n - 145. Let m = -99 - i. What is the greatest common divisor of 4 and m?
4
Suppose -4*d - 9 = 5*c + 10, 0 = -2*d + 3*c + 7. Let k = d + 14. Let j = 52 + -13. Calculate the greatest common divisor of k and j.
13
Suppose -5*p = -7*p + 32. Calculate the greatest common factor of p and 24.
8
Let x(c) = 7*c + 4. Let b be x(1). What is the highest common factor of b and 187?
11
Suppose 3*w - 4*j - 49 = -14, -30 = -w + 5*j. Suppose w*z + 0*z + c = 68, -5*c + 28 = z. What is the greatest common divisor of z and 39?
13
Suppose -4*f = -5*f + 1. What is the highest common divisor of 9 and f?
1
Let a = -91 + 159. Calculate the highest common factor of a and 4.
4
Let m(g) = -g + 14. Suppose -40 = -10*i + 5*i. Let u be m(i). Suppose l + 2*l + 36 = 5*n, 0 = -n - 4*l + 21. Calculate the greatest common factor of n and u.
3
Let s(h) = h**2 + h + 21. Let c = 0 + 0. Let i be s(c). What is the highest common divisor of i and 21?
21
Suppose 16 = 5*j - 3*j. What is the highest common factor of 40 and j?
8
Let k(c) = c + 0*c - c - 3*c + 7. Let n be k(-4). What is the greatest common divisor of n and 19?
19
Suppose -3*t - b + 11 = -11, 3*b = 3. Calculate the greatest common divisor of 1 and t.
1
Suppose x = 6*x + 10, 5*x = r - 28. What is the greatest common divisor of r and 54?
18
Let s(v) = -2*v**3 - 15*v**2 + 4*v - 1. Let d be s(-8). What is the highest common factor of 248 and d?
31
Suppose 5*x = -v - 2 - 1, -4*v - 5*x = -63. Calculate the greatest common divisor of v and 242.
22
Let y = 96 - 80. Let z(f) be the first derivative of f**4/4 + 7*f**3/3 + 4*f + 2. Let t be z(-6). Calculate the highest common factor of y and t.
8
Suppose -2*n + 4*i + 14 = 0, -3*i - 11 - 17 = -5*n. Let a be (-6)/(-4)*2 + n. Suppose 4*u - 250 = -26. What is the greatest common factor of a and u?
8
Suppose q - 3*q + 8 = 4*j, 5*j = q + 10. Let d(s) = 34*s**2 - 4*s + 3. Let o be d(j). Let a = o - 91. What is the highest common factor of 16 and a?
8
Suppose -66 = w + 11. Let u = w + 157. What is the highest common factor of u and 16?
16
Let o = 110 - 98. Suppose -3*x + 4*v = -7, 8 = 4*x + 4*v - 48. Let r = x - 5. Calculate the highest common factor of o and r.
4
Let i(l) = -12*l + 2. Let g be i(-3). What is the greatest common divisor of 266 and g?
38
Let y be (-2 - (-54)/4)*2. Suppose 0 = 4*o + 12, o = -5*w - o + 1029. Calculate the highest common factor of w and y.
23
Let n be 6/33 + (304/22)/1. What is the highest common divisor of n and 14?
14
Let t(k) = k**2 - 13*k. Let d be t(14). What is the highest common divisor of d and 154?
14
Let p be (-3)/9 + (-14)/(-6). Suppose 5*j - 2*j = 0. Let o be -5*(-1 + j/(-3))